s divided by 2 + 4 + (-6 - -7) + s.
0
Let y be 2/((-5)/(-323 - -3)). Suppose y - 204 = -4*a. What is the remainder when 91 is divided by a?
15
Let n(q) = q**3 + 2*q + 5. Let d be n(0). Suppose i - 5 = 0, -d*o + i = -3*i + 25. What is the remainder when 98 is divided by (55/10)/(o/(-6))?
32
Let x be 6/57 - (-15954)/57. What is the remainder when x/15*(-165)/(-20) is divided by 12?
10
Suppose 5*f = -4*c + 78, -339*c = -343*c + 8. Calculate the remainder when 57 is divided by f.
1
Let l be 3 - 11 - (-32)/4. Suppose -3*i - 4*b + 205 = l, 5*i - 365 = 16*b - 11*b. What is the remainder when i is divided by 9?
8
Let i(t) = -146*t + 2369. Calculate the remainder when i(15) is divided by 40.
19
Suppose 3*h - 2259 = -5*i - 468, 0 = -6*h + i + 3615. Calculate the remainder when h is divided by 58.
22
Suppose -101*i + 544752 = 16*i. Calculate the remainder when i is divided by 137.
135
Let q be (-24)/(-4)*2/6 + 35. Let c = q - 35. Suppose -5*y + 8 + 60 = 3*h, c*y = -h + 28. Calculate the remainder when 44 is divided by y.
12
Let o(c) = 209*c + 1559. What is the remainder when o(-7) is divided by 25?
21
Let u(l) = -14*l - 24. Let z be u(-11). Let j = z - 253. Let r = j + 151. Calculate the remainder when 53 is divided by r.
25
Let t = -72 + 91. Let o(g) = -2*g + 41. Let k be o(t). Suppose -2*p = 0, 5*n + k*p = 150 + 20. What is the remainder when 100 is divided by n?
32
Let f(y) be the third derivative of 5*y**4/24 + 2*y**3/3 + 8*y**2. Suppose 2*d + 0 - 2 = 0. Calculate the remainder when f(d) is divided by 4.
1
Suppose 23 = 6*m + 5. Suppose 4*p = s - 52 - 85, -m*p = -4*s + 496. Suppose -1 - s = -2*r. Calculate the remainder when r is divided by 22.
17
Let b(g) = -901*g + 4521. Calculate the remainder when 40781 is divided by b(5).
13
Suppose 20*q = 95 + 5. Calculate the remainder when 118 is divided by q.
3
Suppose 2555 + 1021 = 48*l - 984. Let v = 6 - 3. Suppose 4*r - 177 - 12 = g, v*r - 3*g = 135. Calculate the remainder when l is divided by r.
47
Suppose 0 = 5*h - r, 3*h + 0*r = 3*r. Suppose h*s - 96 = -6*s. Suppose -s*g + 18*g = 182. What is the remainder when g is divided by 47?
44
Let z be 7 + (-28)/7 + 57. Suppose -13*y + 7*y + z = 0. Calculate the remainder when 39 is divided by y.
9
Let u = 17320 + -17168. What is the remainder when 438 is divided by u?
134
Let m be 1995 + -3*20/(-15). Let h = m - 1167. Suppose h = -t + 17*t. Calculate the remainder when 101 is divided by t.
49
Suppose 0 = -v - 3*f + 181, -2*f + 382 = -2*v + 4*v. Suppose -6*j - 4 + v = 0. What is the remainder when j is divided by 2/(-5) + 57/5?
10
Let k = 9307 + -9273. Calculate the remainder when 166 is divided by k.
30
Suppose 3*p = 219 + 123. Let f(q) = 2*q**2 - q + 9. Let y be f(4). Suppose 30*w = y*w - 91. Calculate the remainder when p is divided by w.
10
Let z be (-99)/(-3) + -11 + 14. Suppose 46*l - 640 = z*l. What is the remainder when l is divided by 25?
14
What is the remainder when 92025/525 - 4/14 is divided by 22?
21
Calculate the remainder when (-29)/(-18)*57 + 15/90 is divided by 64.
28
Let b be (-2 - -1)/(26/104). What is the remainder when 327 is divided by 285/4 + b + (-25)/20?
63
Let r = -15869 - -15885. What is the remainder when 324 is divided by r?
4
Suppose -5*h + 1285 = 3*f, 3*h = 37*f - 33*f + 771. Calculate the remainder when h is divided by 30.
17
What is the remainder when 37 is divided by 369/15 - (2 + (-119)/35)?
11
Suppose 2*o - 5*q - 319 = 0, 0 = 306*o - 304*o + 3*q - 295. Calculate the remainder when o is divided by 148.
4
Let r be (3/5 + 6/15)*0. Suppose r = 10*d + 10*d - 420. What is the remainder when 166 is divided by d?
19
Let u = -1203 - -249. Let o = u + 1886. Calculate the remainder when o is divided by 55.
52
Let u = -7515 - -7566. What is the remainder when 204 is divided by u?
0
Suppose -20 = -5*m, -17*m = r - 13*m - 552. Calculate the remainder when r is divided by 54.
50
Let d(q) = 32*q**3 + 2*q**2 + 4*q - 8. What is the remainder when 526 is divided by d(1)?
16
Suppose 164*r - 290*r + 2520 = 0. Calculate the remainder when r is divided by (-4)/10 - (-186)/15.
8
Suppose -2*m - 24 - 266 = -2*v, -2*v + 5*m = -296. Suppose 28*s = 39*s - v. What is the remainder when 127 is divided by s?
10
Let g(m) = 132*m**2 - 66*m + 139. What is the remainder when g(2) is divided by 54?
49
Let b(q) = -2*q**2 + 3*q + 8. Let d(v) = -3*v**2 + 5*v + 16. Let x(f) = -7*b(f) + 4*d(f). Let p = 43 - 40. What is the remainder when 68 is divided by x(p)?
22
Let o(v) = 283*v**3 - 12*v**2 + 10*v + 1. Calculate the remainder when o(1) is divided by 22.
18
Let f(s) = -96*s**3 - 2*s + 1. Let y be f(1). Let n = y + 188. What is the remainder when n is divided by 31?
29
Let f be (44/66)/(4/(-3))*-56. Suppose 95 + 45 = f*m. Let p = -10 + 22. Calculate the remainder when p is divided by m.
2
Suppose 0 = 3*c - 5*p - 366, 244 = -13*c + 15*c - 13*p. Calculate the remainder when c is divided by 2/(-3) + 130/6.
17
Suppose 548*s - 550*s + 601 = 5*f, s = -4*f + 482. What is the remainder when 2168 is divided by f?
111
Suppose 0 = -5*z - 0*n - 2*n + 20, 5*n = 0. Let s = -135 + 139. Suppose w = s*w + 3*y - 24, -5*y = 3*w - 14. What is the remainder when w is divided by z?
1
Suppose -6*f = -4*a + 920, 22*f = 2*a + 21*f - 452. Calculate the remainder when a is divided by 24.
8
Let u(z) = 32*z - 10. Let k be u(6). Let i = k - 160. What is the remainder when 30 is divided by i?
8
Let g(m) = m**3 - 19*m**2 - 248*m - 108. What is the remainder when 793 is divided by g(28)?
1
Let r = -346 + 598. Let m(i) = i**3 - 16*i**2 + 31*i + 44. What is the remainder when r is divided by m(14)?
80
Let v = 1358 + -1189. What is the remainder when v is divided by 49?
22
Suppose -51 + 26 = -5*a. Suppose -2*y + 2*h + 8 = a*h, -2*y + 3*h = -32. Let l(x) = -x**3 - 6*x**2 - 6*x + 1. What is the remainder when y is divided by l(-5)?
4
Let a(p) = -11*p - 65. Let i be a(-6). Let h(u) = 73*u - 9. What is the remainder when h(i) is divided by 28?
8
Let u(y) = 6*y + 221. Calculate the remainder when 168 is divided by u(-29).
27
Suppose 109 = -4*j + d, d = 3*j - 3 + 84. Let h = j + 47. What is the remainder when (14 - (-4 - -8)) + 26 is divided by h?
17
Let v = 158 - 153. Suppose 0 = -v*c - 3*c + 5824. Suppose o - c = -3*o + 5*h, 577 = 3*o + 4*h. What is the remainder when o is divided by 21?
19
Suppose -2*w - 12*o = -13*o - 1180, 1764 = 3*w - 3*o. What is the remainder when w is divided by 18?
16
Let y(k) = 2*k**2 + 20*k + 2. Let r be y(-6). Let w = r - -43. Let h(x) = -x**3 + 3*x**2 + 2*x - 1. What is the remainder when 89 is divided by h(w)?
42
Let r be 42/12 + 2*(-4)/(-16). Suppose r*v = u - 17, -3*u + 5*v = 2*u - 85. Calculate the remainder when 44 is divided by u.
10
Calculate the remainder when 977 is divided by (((0 - -3) + -6)*-3)/1.
5
Suppose 2*p = 5*p + 2*x - 308, 4*x = -32. What is the remainder when 282 is divided by p?
66
Suppose 4*v - 111 = 3*i, 5*v = -0*i - 2*i + 110. Suppose 13*t + v*t = 3293. What is the remainder when t is divided by 48?
41
Let q = -1156 - -1195. What is the remainder when 384 is divided by q?
33
Let u = -5576 + 5663. What is the remainder when 409 is divided by u?
61
Let s(l) = 3*l**2 - 186*l + 3721. What is the remainder when s(19) is divided by 250?
20
Let l be (3 - -14 - 1)/(10/15). Suppose l*d - 132 = 22*d. What is the remainder when 127 is divided by d?
61
Suppose -6*t - 21*t - t = -2240. Suppose -5*f + 145 = 2*a, 2*a - 58 = -2*f - 3*a. What is the remainder when t is divided by f?
22
Suppose 3*n + 107 = -f - f, 3*n - 3*f = -132. Let s = n + 51. What is the remainder when 35 is divided by s?
11
Let j(q) = 6*q**3 + 14*q**2 + q - 3. Let b be j(-3). Let h = b + 85. Calculate the remainder when 471 is divided by h.
41
Suppose 2273*d = 2162*d + 9657. Calculate the remainder when 1555 is divided by d.
76
Let a(x) = -x + 1. Let g be a(-1). Suppose -3*v + 77 = g*j - 71, 0 = 4*v - 5*j - 182. What is the remainder when v is divided by 20 + -23 + 24 + -14?
6
Calculate the remainder when (22 - 39328/(-96)) + 4/(-6) is divided by 431.
0
Suppose -4*h = 4*k - 10720, -4*h - 5*k + 10267 + 457 = 0. Calculate the remainder when h is divided by 19.
16
Calculate the remainder when 425 is divided by (3 + (-17 - 4))/((-333)/2442).
29
Suppose -69 = -m + 2*o, o = -2*m + m + 72. Suppose 4*g